der when 14552 is divided by 7.
6
Calculate the remainder when 1102 is divided by 139.
129
Calculate the remainder when 6388 is divided by 2129.
1
Calculate the remainder when 44 is divided by 13.
5
Calculate the remainder when 23435 is divided by 93.
92
Calculate the remainder when 298 is divided by 79.
61
Calculate the remainder when 9850 is divided by 59.
56
Calculate the remainder when 287 is divided by 89.
20
What is the remainder when 415 is divided by 60?
55
Calculate the remainder when 44 is divided by 9.
8
Calculate the remainder when 484 is divided by 148.
40
Calculate the remainder when 4467 is divided by 204.
183
What is the remainder when 104 is divided by 29?
17
Calculate the remainder when 321 is divided by 81.
78
Calculate the remainder when 1919 is divided by 506.
401
What is the remainder when 13415 is divided by 122?
117
Calculate the remainder when 2197 is divided by 11.
8
Calculate the remainder when 1297 is divided by 323.
5
What is the remainder when 107 is divided by 18?
17
Calculate the remainder when 2618 is divided by 48.
26
What is the remainder when 4242 is divided by 36?
30
Calculate the remainder when 293 is divided by 75.
68
What is the remainder when 7 is divided by 4?
3
What is the remainder when 655 is divided by 16?
15
What is the remainder when 240 is divided by 48?
0
Calculate the remainder when 886 is divided by 9.
4
Calculate the remainder when 318 is divided by 40.
38
Calculate the remainder when 1014 is divided by 5.
4
Calculate the remainder when 175 is divided by 16.
15
What is the remainder when 14848 is divided by 99?
97
Calculate the remainder when 1171 is divided by 91.
79
Calculate the remainder when 411 is divided by 102.
3
What is the remainder when 44 is divided by 17?
10
Calculate the remainder when 601 is divided by 28.
13
What is the remainder when 154 is divided by 36?
10
Calculate the remainder when 155 is divided by 54.
47
Calculate the remainder when 998 is divided by 13.
10
Calculate the remainder when 113 is divided by 73.
40
Calculate the remainder when 177 is divided by 51.
24
What is the remainder when 299 is divided by 12?
11
Calculate the remainder when 95 is divided by 44.
7
What is the remainder when 425 is divided by 210?
5
Calculate the remainder when 1148 is divided by 378.
14
What is the remainder when 2169 is divided by 155?
154
Calculate the remainder when 109 is divided by 105.
4
What is the remainder when 350 is divided by 22?
20
What is the remainder when 122 is divided by 9?
5
What is the remainder when 2141 is divided by 238?
237
What is the remainder when 124 is divided by 45?
34
Calculate the remainder when 93 is divided by 32.
29
What is the remainder when 274 is divided by 120?
34
What is the remainder when 312 is divided by 5?
2
Calculate the remainder when 117 is divided by 30.
27
Calculate the remainder when 1290 is divided by 94.
68
What is the remainder when 489 is divided by 25?
14
What is the remainder when 358 is divided by 165?
28
What is the remainder when 433 is divided by 29?
27
What is the remainder when 839 is divided by 24?
23
What is the remainder when 535 is divided by 91?
80
What is the remainder when 1810 is divided by 165?
160
What is the remainder when 40 is divided by 21?
19
What is the remainder when 26363 is divided by 12?
11
Calculate the remainder when 195 is divided by 8.
3
What is the remainder when 8574 is divided by 268?
266
Calculate the remainder when 2202 is divided by 38.
36
What is the remainder when 75 is divided by 64?
11
Calculate the remainder when 192 is divided by 52.
36
What is the remainder when 1013 is divided by 78?
77
Calculate the remainder when 439 is divided by 178.
83
What is the remainder when 3689 is divided by 77?
70
What is the remainder when 81 is divided by 79?
2
What is the remainder when 4 is divided by 3?
1
Calculate the remainder when 608 is divided by 10.
8
Calculate the remainder when 369 is divided by 54.
45
What is the remainder when 315 is divided by 29?
25
What is the remainder when 107 is divided by 22?
19
What is the remainder when 87 is divided by 86?
1
What is the remainder when 865 is divided by 6?
1
What is the remainder when 528 is divided by 109?
92
What is the remainder when 736 is divided by 213?
97
What is the remainder when 388 is divided by 66?
58
Calculate the remainder when 938 is divided by 309.
11
Calculate the remainder when 144 is divided by 31.
20
Calculate the remainder when 42 is divided by 26.
16
Calculate the remainder when 318 is divided by 55.
43
Calculate the remainder when 137 is divided by 131.
6
Calculate the remainder when 2063 is divided by 86.
85
Calculate the remainder when 166 is divided by 61.
44
What is the remainder when 364 is divided by 63?
49
What is the remainder when 100 is divided by 31?
7
Calculate the remainder when 436 is divided by 222.
214
What is the remainder when 182 is divided by 84?
14
Calculate the remainder when 1330 is divided by 665.
0
Calculate the remainder when 6422 is divided by 73.
71
What is the remainder when 1050 is divided by 117?
114
What is the remainder when 130 is divided by 58?
14
What is the remainder when 612 is divided by 12?
0
Calculate the remainder when 62 is divided by 39.
23
What is the remainder when 84 is divided by 31?
22
Calculate the remainder when 2480 is divided by 34.
32
Calculate the remainder when 243 is divided by 42.
33
What is the remainder when 28 is divided by 7?
0
What is the remainder when 3405 is divided by 12?
9
Calculate the remainder when 31 is divided by 16.
15
Calculate the remainder when 298 is divided by 74.
2
What is the remainder when 377 is divided by 95?
92
What is the remainder when 319 is divided by 157?
5
Calculate the remainder when 260 is divided by 38.
32
Calculate the remainder when 22045 is divided by 53.
50
What is the remainder when 823 is divided by 37?
9
What is the remainder when 282 is divided by 22?
18
Calculate the remainder when 190 is divided by 44.
14
What is the remainder when 176 is divided by 46?
38
Calculate the remainder when 210 is divided by 31.
24
What is the remainder when 91 is divided by 29?
4
Calculate the remainder when 252 is divided by 37.
30
What is the remainder when 176 is divided by 25?
1
What is the remainder when 482 is divided by 97?
94
What is the remainder when 849 is divided by 64?
17
Calculate the remainder when 1094 is divided by 86.
62
What is the remainder when 1426 is divided by 28?
26
What is the remainder when 5043 is divided by 26?
25
Calculate the remainder when 76 is divided by 11.
10
What is the remainder when 1633 is divided by 524?
61
What is the remainder when 5217 is divided by 25?
17
Calculate the remainder when 382 is divided by 55.
52
What is the remainder when 135 is divided by 11?
3
Calculate the remainder when 42 is divided by 18.
6
What is the remainder when 96 is divided by 20?
16
Calculate the remainder when 14 is divided by 6.
2
Calculate the remainder when 72 is divided by 23.
3
Calculate the remainder when 138 is divided by 39.
21
Calculate the remainder when 389 is divided by 28.
25
What is the remainder when 180 is divided by 29?
6
Calculate the remainder when 214 is divided by 201.
13
What is the remainder when 708 is divided by 253?
202
Calculate the remainder when 1826 is divided by 87.
86
What is the remainder when 639 is divided by 177?
108
What is the remainder when 303 is divided by 78?
69
What is the remainder when 158 is divided by 42?
32
What is the remainder when 653 is divided by 60?
53
Calculate the remainder when 128 is divided by 29.
12
What is the remainder when 81 is divided by 5?
1
Calculate the remainder when 199 is divided by 21.
10
What is the remainder when 48 is divided by 16?
0
Calculate the remainder when 803 is divided by 31.
28
What is the remainder when 83 is divided by 41?
1
What is the remainder when 102 is divided by 55?
47
Calculate the remainder when 37 is divided by 5.
2
What is the remainder when 182 is divided by 39?
26
Calculate the remainder when 143 is divided by 21.
17
Calculate the remainder when 5185 is divided by 59.
52
Calculate the remainder when 1297 is divided by 13.
10
What is the remainder when 59 is divided by 4?
3
Calculate the remainder when 33173 is divided by 1